se 8, what is 106 + 10?
116
In base 10, what is -1597 + 3?
-1594
In base 2, what is -11 - 1001111100010000?
-1001111100010011
In base 3, what is 212121112 - -100?
212121212
In base 12, what is -20042 + 1?
-20041
In base 16, what is -1ccfd - 3?
-1cd00
In base 3, what is 2 + -20111000211?
-20111000202
In base 4, what is -2 + -3200233013?
-3200233021
In base 10, what is 13961 + 271?
14232
In base 2, what is 1111011 + -100000?
1011011
In base 13, what is 2315 - -3?
2318
In base 10, what is 39 - 1737?
-1698
In base 5, what is -14 + -102124?
-102143
In base 12, what is -12 + -492b?
-4941
In base 5, what is -221303 - -10303?
-211000
In base 7, what is 553401 + 16?
553420
In base 5, what is -10 - 41112234?
-41112244
In base 5, what is -31 - -2001102?
2001021
In base 11, what is 1610a87 + 1?
1610a88
In base 12, what is -21 - 2353?
-2374
In base 2, what is -11001110101100 - -111100?
-11001101110000
In base 13, what is -27c7b2 - 4?
-27c7b6
In base 6, what is 55130 - -204?
55334
In base 14, what is 52d3 - -2?
52d5
In base 8, what is -24142 + 2?
-24140
In base 4, what is -12 + -1233211?
-1233223
In base 2, what is 1011010100011 + -10000?
1011010010011
In base 13, what is -44b - c09?
-1357
In base 5, what is -13231 - -14112?
331
In base 3, what is 101212010 - -2002?
101221012
In base 15, what is 22 + c83?
ca5
In base 7, what is 10116 + -324?
6462
In base 6, what is 32031531 - -3?
32031534
In base 4, what is -3 + 31021300?
31021231
In base 11, what is -5 + 11501?
114a7
In base 5, what is -4 - 240041313?
-240041322
In base 2, what is 1101110100110 - 10?
1101110100100
In base 2, what is 11 - 101110110011101000001?
-101110110011100111110
In base 15, what is -3 + ea96?
ea93
In base 9, what is 1 - -15356?
15357
In base 15, what is -5ab89 + 7?
-5ab82
In base 7, what is 6252 - 24?
6225
In base 5, what is 31 - 40004?
-34423
In base 11, what is 162 + -411a?
-3a68
In base 6, what is 5 + 212351?
212400
In base 4, what is -133111023 - 2?
-133111031
In base 6, what is 52253551 + 3?
52253554
In base 16, what is -a + 10feb?
10fe1
In base 11, what is -222 + -33?
-255
In base 12, what is 1157236 + -4?
1157232
In base 2, what is -1100010001 - 1111100?
-1110001101
In base 7, what is 4 - -6323?
6330
In base 7, what is -1 - 164520?
-164521
In base 5, what is 10 + -31330?
-31320
In base 15, what is 65 - -2aa?
320
In base 5, what is -134434433 - 2?
-134434440
In base 11, what is 1392a3 + -7?
139297
In base 11, what is 2592 - 2?
2590
In base 3, what is -221011202 + 20210?
-220220222
In base 14, what is 5 + -21033?
-2102c
In base 11, what is 9a8 + 2?
9aa
In base 4, what is -3 - -311333?
311330
In base 14, what is -905b - -5?
-9056
In base 11, what is -20175 + -3?
-20178
In base 5, what is 11131 - -43?
11224
In base 14, what is -6 + 99a1?
9999
In base 12, what is -2 + 75b80?
75b7a
In base 12, what is -734 + 233a?
1806
In base 12, what is -22 + 181299?
181277
In base 6, what is -105312 + -5?
-105321
In base 15, what is 2b - -1282?
12ad
In base 2, what is 110110101 - 1010010011?
-11011110
In base 16, what is -1844c6 + -3?
-1844c9
In base 14, what is -554 - -1a8b?
1537
In base 4, what is -10 + -22100113?
-22100123
In base 5, what is -14342014 - -33?
-14341431
In base 16, what is -2af + ce?
-1e1
In base 14, what is 4bb2 + 16?
4bc8
In base 5, what is -10 - -201014?
201004
In base 11, what is 35 - 62?
-28
In base 2, what is -10011000000 + 101101000?
-1101011000
In base 16, what is 21 - 1f5?
-1d4
In base 13, what is 3b47 - -a1?
3c18
In base 16, what is -1 + -1b78c?
-1b78d
In base 13, what is 53bb2 - -4?
53bb6
In base 6, what is -443532 + -2?
-443534
In base 5, what is -2242 + -301?
-3043
In base 16, what is -18ec7 - 9?
-18ed0
In base 7, what is 5 - -152363?
152401
In base 10, what is 0 - 13051?
-13051
In base 11, what is -19274 + -1?
-19275
In base 3, what is -111000202 + -11112?
-111012021
In base 12, what is 589265 - -3?
589268
In base 8, what is -2420577 - -1?
-2420576
In base 6, what is -130213303 - 3?
-130213310
In base 6, what is -3404012 - 3?
-3404015
In base 5, what is -221 - -240?
14
In base 10, what is 2 - 17494?
-17492
In base 2, what is -1111011111110011 + -100?
-1111011111110111
In base 12, what is 2 + -28721a?
-287218
In base 11, what is -1 + -278?
-279
In base 13, what is -22b - -35c?
131
In base 12, what is 777 - -75a?
1315
In base 3, what is -100121120000 + -11?
-100121120011
In base 2, what is -11011110 + 101111101?
10011111
In base 6, what is 13305105 - 0?
13305105
In base 16, what is 2403 + 1c?
241f
In base 5, what is 4 + 204233312?
204233321
In base 7, what is -4301 - -536?
-3432
In base 16, what is -b56 + 8?
-b4e
In base 14, what is 8 - c013?
-c009
In base 4, what is 11 - -2032020?
2032031
In base 3, what is -10211022 - 220021?
-11201120
In base 2, what is 10111010101010110 - 1?
10111010101010101
In base 9, what is 110018 + -3?
110015
In base 16, what is -7e1 + 1?
-7e0
In base 13, what is 1c + 2a436?
2a455
In base 13, what is 4 + 114749?
114750
In base 10, what is 138 + 47181?
47319
In base 14, what is 7986 + -11?
7975
In base 11, what is 9 - 7217?
-7209
In base 16, what is -2497 - -8?
-248f
In base 15, what is -12197d + 5?
-121978
In base 16, what is 0 - f5607?
-f5607
In base 13, what is -1968b + 11?
-1967a
In base 7, what is -400 - -1462?
1062
In base 12, what is -169 - 125?
-292
In base 12, what is 2 + 4438?
443a
In base 8, what is -1065 - 22?
-1107
In base 9, what is -2886404 - -3?
-2886401
In base 9, what is -760 - 8?
-768
In base 9, what is -231 - -1355?
1124
In base 12, what is -1857 - 30?
-1887
In base 16, what is 4 + -10695?
-10691
In base 11, what is 9726 + 3?
9729
In base 9, what is 4 - 2862?
-2857
In base 8, what is -10 - -47454?
47444
In base 12, what is -5 + -66350?
-66355
In base 10, what is 2 - 4543?
-4541
In base 6, what is -10 - -1055121?
1055111
In base 4, what is 33 + -11103003?
-11102310
In base 5, what is 2 + -31043?
-31041
In base 15, what is -4c + 83b?
7de
In base 2, what is -1001 + 1101111110?
1101110101
In base 12, what is 7840a - 35?
78395
In base 14, what is 49 + -c90?
-c45
In base 7, what is -11622665 - 1?
-11622666
In base 6, what is -2444 - 2?
-2450
In base 15, what is -45 - -a935?
a8e0
In base 4, what is 1221 - 11331?
-10110
In base 12, what is -12b62 + 14b?
-12a13
In base 4, what is 10 + 211122310?
211122320
In base 3, what is -2021102012 + -1122?
-2021110211
In base 9, what is 27508 - 10?
27488
In base 15, what is a58c4 + -1?
a58c3
In base 13, what is -849027 - -2?
-849025
In base 8, what is -3 - 27363?
-27366
In base 11, what is 4a998 - 1?
4a997
In base 9, what is 466042 - 12?
466030
In base 14, what is 156 - -b29?
c81
In base 7, what is 126322 + 31?
126353
In base 3, what is 11212012 + -122?
11211120
In base 5, what is 1 - 111101130?
-111101124
In base 3, what is 0 - -10120220?
10120220
In base 7, what is -2 + -1156243?
-1156245
In base 3, what is 2 - 11002010112?
-11002010110
In base 2, what is -1000 - -1010001111010?
1010001110010
In base 9, what is -3 - -146451?
146447
In base 16, what is -5 - -f724?
f71f
In base 11, what is -2853 + -1?
-2854
In base 11, what is 7 + -41456?
-4144a
In base 8, what is -4 - -23106?
23102
In base 5, what is -13 - -442240?
442222
In base 2, what is -110101010 + 100000000?
-10101010
In base 9, what is 6 + -162304?
-162287
In base 8, what is -265336 + -4?
-265342
In base 2, what is -101 - 1101110101001?
-1101110101110
In base 14, what is -4093 + 5?
-408c
In base 14, what is 54a - c6d?
-723
In base 2, what is -1001100110011 - -100000?
-1001100010011
In base 9, what is -78 - -3866?
3777
In base 8, what is -6550 - 247?
-7017
In base 11, what is 9 - -1a?
28
In base 6, what is -103434 + -12?
-103450
In base 10, what is -11992 - 3?
-11995
In base 2, what is -11110011011 + 10111?
-11110000100
In base 13, what is -56 + -150?
-1a6
In base 11, what is 1a1 + 268?
459
In base 12, what is -650 + -40?
-690
In base 10, what is -17 + -500?
-517
In base 11, what is -1029 + 150?
-989
In base 11, what is 89 + -229a?
-2211
In base 7, what is -4 - -2241?
2234
In base 11, what is 154 - 6074?
-5a20
In base 7, what is -23622 + -143?
-24065
In base 16, what is 1032 + c?
103e
In base 13, what is -5 + -831?
-836
In base 6, what is 52531 - 10?
52521
In base 8, what is -4 - 45773?
-45777
In base 9, what is -5 + 16681?
16675
In 